{"id":64,"date":"2014-01-21T10:27:48","date_gmt":"2014-01-21T10:27:48","guid":{"rendered":"http:\/\/cnptm.com\/?page_id=64"},"modified":"2023-04-25T10:03:17","modified_gmt":"2023-04-25T08:03:17","slug":"program-cu-publicul","status":"publish","type":"page","link":"https:\/\/cnptm.com\/?page_id=64","title":{"rendered":"TARIFE CAMERA NOTARILOR"},"content":{"rendered":"<p>MODELE CERERI<\/p>\n<p><a href=\"https:\/\/cnptm.com\/wp-content\/uploads\/2020\/07\/Model-cerere-acte-autentice.pdf\"><strong>Pentru acte autentice<\/strong><\/a><\/p>\n<p><a href=\"https:\/\/cnptm.com\/wp-content\/uploads\/2020\/07\/Model-cerere-copie-Certificat-de-Mostenitor.pdf\"><strong>Pentru copie certificate de mostenitor<\/strong><\/a><\/p>\n<p><a href=\"https:\/\/cnptm.com\/wp-content\/uploads\/2020\/07\/Model-cerere-revocare-si-copie-testament.pdf\"><strong>Pentru revocare si copie testament<\/strong><\/a><\/p>\n<p><a href=\"https:\/\/cnptm.com\/wp-content\/uploads\/2020\/07\/Model-cerere-verificare-si-copie-Certificat-de-Mostenitor.pdf\"><strong>Pentru verificare si copie certificate de mostenitor<\/strong><\/a><\/p>\n<p><a href=\"https:\/\/cnptm.com\/wp-content\/uploads\/2020\/07\/Model-cerere-verificare-dezbatere-succesiune.pdf\"><strong>Pentru verificare dezbatere succesiune<\/strong><\/a><\/p>\n<p>Termenul pentru eliberarea \u00een regim de urgen\u021b\u0103 a copiilor certificate dup\u0103 actele aflate \u00een arhivele Camerei este de 2 zile lucr\u0103toare de la primirea cererii.<\/p>\n<p>Tarifele pentru eliberarea copiilor certificate dup\u0103 actele aflate \u00een arhivele Camerei care se elibereaz\u0103 \u00een regim de urgen\u021b\u0103 sunt majorate cu 100%.<\/p>\n<ol>\n<li>TARIFE SERVICII ARHIV\u0102<\/li>\n<\/ol>\n<table>\n<tbody>\n<tr>\n<td width=\"94\"><strong>NR. CRT.<\/strong><\/td>\n<td width=\"406\"><strong>GENUL OPERA\u021aIUNILOR<\/strong><\/td>\n<td width=\"180\"><strong>TARIF (F\u0102R\u0102 TVA)<\/strong><\/td>\n<\/tr>\n<tr>\n<td width=\"94\">1.<\/td>\n<td width=\"406\">Eliberare copie certificat\u0103 de pe actul notarial, dac\u0103 \u00een solicitare sunt precizate toate datele necesare pentru identificarea acestuia.<\/td>\n<td width=\"180\">100 lei\/exemplar<\/td>\n<\/tr>\n<tr>\n<td width=\"94\">2.<\/td>\n<td width=\"406\">Eliberare copie certificat\u0103 de pe actul notarial \u00eenso\u021bit de documentele care au stat la baza instrument\u0103rii acestuia, dac\u0103 \u00een solicitare sunt precizate toate datele necesare pentru identificarea acestuia.<\/td>\n<td width=\"180\">220 lei\/exemplar<\/td>\n<\/tr>\n<tr>\n<td width=\"94\">3.<\/td>\n<td width=\"406\">Eliberarea \u00een scris a informa\u021biilor din arhiv\u0103, dac\u0103 \u00een cerere sunt precizate toate datele necesare pentru identificarea situa\u021biei solicitate (revoc\u0103ri\/anul\u0103ri ale actelor notariale, etc).<\/td>\n<td width=\"180\">100 lei\/r\u0103spuns<\/td>\n<\/tr>\n<tr>\n<td width=\"94\">4.<\/td>\n<td width=\"406\">Eliberarea \u00een scris a informa\u021biilor din arhiv\u0103, dac\u0103 \u00een cerere sunt precizate par\u021bial datele necesare pentru identificarea unui act notarial sau a unei anumite situa\u021bii\/proceduri notariale (cercetarea opiselor \u0219i a registrelor notariale).<\/td>\n<td width=\"180\">70 lei pentru primul an verificat + 20 lei\/alt an verificat<\/td>\n<\/tr>\n<\/tbody>\n<\/table>\n<ol>\n<li>TARIFE EVIDEN\u021a\u0102 SUCCESIUNI<\/li>\n<\/ol>\n<table>\n<tbody>\n<tr>\n<td width=\"94\"><strong>NR. CRT.<\/strong><\/td>\n<td width=\"406\"><strong>GENUL OPERA\u021aIUNILOR<\/strong><\/td>\n<td width=\"180\"><strong>TARIF (F\u0102R\u0102 TVA)<\/strong><\/td>\n<\/tr>\n<tr>\n<td width=\"94\">1.<\/td>\n<td width=\"406\">Eliberarea \u00een scris a informa\u021biilor privind dezbaterea succesiunilor \u00een urma verific\u0103rilor efectuate \u00een eviden\u021ba procedurilor succesorale \u021binut\u0103 la nivelul Camerei Notarilor Publici Timi\u0219oara, inclusiv eliberarea certificatelor conform art.1051 Cod Procedur\u0103 Civil\u0103.<\/td>\n<td width=\"180\">100 lei\/defunct<\/td>\n<\/tr>\n<tr>\n<td width=\"94\">2.<\/td>\n<td width=\"406\">Efectuarea de men\u021biuni \u00een eviden\u021ba procedurilor succesorale (notare dezbatere succesiune \u00een instan\u021b\u0103, orice alte men\u021biuni, mai pu\u021bin cele care se \u00eenregistreaz\u0103 \u00een RNNEC).<\/td>\n<td width=\"180\">200 lei\/defunct<\/td>\n<\/tr>\n<tr>\n<td width=\"94\"><\/td>\n<td width=\"406\"><\/td>\n<td width=\"180\"><\/td>\n<\/tr>\n<\/tbody>\n<\/table>\n<ul>\n<li>TARIFE DIVERSE SERVICII<\/li>\n<\/ul>\n<table>\n<tbody>\n<tr>\n<td width=\"94\"><strong>NR. CRT.<\/strong><\/td>\n<td width=\"406\"><strong>GENUL OPERA\u021aIUNILOR<\/strong><\/td>\n<td width=\"180\"><strong>TARIF (F\u0102R\u0102 TVA)<\/strong><\/td>\n<\/tr>\n<tr>\n<td width=\"94\">1.<\/td>\n<td width=\"406\">Salvare imagini digitale pe CD ale documentelor din arhiv\u0103.<\/td>\n<td width=\"180\">30 lei\/document<\/td>\n<\/tr>\n<tr>\n<td width=\"94\">2.<\/td>\n<td width=\"406\">Eliberarea \u00een scris a informa\u021biilor privind istoricul unei propriet\u0103\u021bi (cercetare realizat\u0103 doar pe baza documentelor aflate \u00een conservarea Camerei), prin eliberarea unui certificat.<\/td>\n<td width=\"180\">500 lei<\/td>\n<\/tr>\n<tr>\n<td width=\"94\">3.<\/td>\n<td width=\"406\">Eliberarea \u00een scris a informa\u021biilor \u0219i extraselor din rapoartele de evaluare ale imobilelor\/studii de pia\u021b\u0103.<\/td>\n<td width=\"180\">120 lei\/solicitare<\/td>\n<\/tr>\n<tr>\n<td width=\"94\">4.<\/td>\n<td width=\"406\">Cerere de furnizare informa\u021bii care privesc documentele care nu se afl\u0103 \u00een conservarea Camerei.<\/td>\n<td width=\"180\">50 lei<\/td>\n<\/tr>\n<\/tbody>\n<\/table>\n","protected":false},"excerpt":{"rendered":"<p>MODELE CERERI Pentru acte autentice Pentru copie certificate de mostenitor Pentru revocare si copie testament Pentru verificare si copie certificate de mostenitor Pentru verificare dezbatere succesiune Termenul pentru eliberarea \u00een regim de urgen\u021b\u0103 a copiilor certificate dup\u0103 actele aflate \u00een arhivele Camerei este de 2 zile lucr\u0103toare de la primirea cererii. Tarifele pentru eliberarea copiilor [&hellip;]<\/p>\n","protected":false},"author":1,"featured_media":0,"parent":0,"menu_order":0,"comment_status":"open","ping_status":"open","template":"","meta":{"footnotes":""},"_links":{"self":[{"href":"https:\/\/cnptm.com\/index.php?rest_route=\/wp\/v2\/pages\/64"}],"collection":[{"href":"https:\/\/cnptm.com\/index.php?rest_route=\/wp\/v2\/pages"}],"about":[{"href":"https:\/\/cnptm.com\/index.php?rest_route=\/wp\/v2\/types\/page"}],"author":[{"embeddable":true,"href":"https:\/\/cnptm.com\/index.php?rest_route=\/wp\/v2\/users\/1"}],"replies":[{"embeddable":true,"href":"https:\/\/cnptm.com\/index.php?rest_route=%2Fwp%2Fv2%2Fcomments&post=64"}],"version-history":[{"count":40,"href":"https:\/\/cnptm.com\/index.php?rest_route=\/wp\/v2\/pages\/64\/revisions"}],"predecessor-version":[{"id":3299,"href":"https:\/\/cnptm.com\/index.php?rest_route=\/wp\/v2\/pages\/64\/revisions\/3299"}],"wp:attachment":[{"href":"https:\/\/cnptm.com\/index.php?rest_route=%2Fwp%2Fv2%2Fmedia&parent=64"}],"curies":[{"name":"wp","href":"https:\/\/api.w.org\/{rel}","templated":true}]}}