{"id":95,"date":"2014-01-24T09:54:59","date_gmt":"2014-01-24T09:54:59","guid":{"rendered":"http:\/\/cnptm.com\/wp\/?page_id=95"},"modified":"2025-11-29T20:48:07","modified_gmt":"2025-11-29T18:48:07","slug":"schimbari-sedii","status":"publish","type":"page","link":"https:\/\/cnptm.com\/?page_id=95","title":{"rendered":"Schimbari sedii"},"content":{"rendered":"<p><a href=\"https:\/\/cnptm.com\/wp-content\/uploads\/2025\/09\/Anunt-data-concurs-20-noiembrie-2025.pdf\"><b><i>Anun\u021b privind data desf\u0103\u0219ur\u0103rii concursului de schimbare a sediilor birourilor notariale si lista posturilor vacante destinate schimb\u0103rilor de sedii<\/i><\/b><\/a><\/p>\n<p><a href=\"https:\/\/cnptm.com\/wp-content\/uploads\/2025\/09\/Anexa-nr-1-Cerere-de-inscriere-la-concurs-Reg-schimbare-sedii.pdf\"><span style=\"color: #993300;\"><strong>CERERE DE \u00ceNSCRIERE LA CONCURS<\/strong><\/span><\/a><\/p>\n<h3><span style=\"text-decoration: underline; color: #ff0000;\"><strong>Locul si ora desfasurarii concursului\u00a0de schimbari de sedii<\/strong><\/span><\/h3>\n<p><a href=\"https:\/\/cnptm.com\/wp-content\/uploads\/2017\/07\/Regulament-de-organizare-si-desfasurare-a-concursului-de-schimbare-a-sediilor-birourilor-notariale.pdf\"><strong class=\"has-media-icon\">Regulament de organizare si desfasurare a concursului de schimbare a sediilor birourilor notariale<\/strong><\/a><\/p>\n\n\n<p><strong><a href=\"https:\/\/cnptm.com\/wp-content\/uploads\/2025\/11\/LISTA-CANDIDATI-INSCRISI-2025.pdf\">Lista candida\u021bilor \u00eenscri\u0219i la Concursul de schimbare a sediilor birourilor notariale organizat \u00een data de 20 noiembrie 2025<\/a><\/strong><\/p>\n\n\n\n<p><a href=\"https:\/\/cnptm.com\/wp-content\/uploads\/2025\/11\/PV-SI-SITUATIE-CENTRALIZATA-2025.pdf\">Procesul &#8211; verbal si situatia centralizata a candidatilor inscrisi la concursul de schimbare a sediilor birourilor notariale<\/a><\/p>\n\n\n\n<p><strong><em><a href=\"https:\/\/cnptm.com\/wp-content\/uploads\/2025\/11\/A5-COD-TIMISOARA.pdf\" data-type=\"link\" data-id=\"https:\/\/cnptm.com\/wp-content\/uploads\/2025\/11\/A5-COD-TIMISOARA.pdf\">Anexa nr. 5 \u2013 Lista rezultatelor concursului de schimbare a sediilor birourilor notariale<\/a><\/em><\/strong><\/p>\n\n\n\n<p><a href=\"https:\/\/cnptm.com\/wp-content\/uploads\/2025\/11\/DE-AFISAT-TIMISOARA-ANEXA-8-SS2025.pdf\">Anexa nr. 8 &#8211; Lista rezultatelor contestatiilor<\/a><\/p>\n\n\n\n<p><strong><a href=\"https:\/\/cnptm.com\/wp-content\/uploads\/2025\/11\/ANEXA-9-TIMISOARA-SS2025.pdf\">Anexa nr. 9 \u2013 LISTA REZULTATELOR FINALE ALE CONCURSULUI DE SCHIMBARE\u00a0A SEDIILOR BIROURILOR NOTARIALE<\/a><\/strong><\/p>\n\n\n\n<h2 class=\"wp-block-heading\"><\/h2>\n\n\n\n<p><\/p>\n\n\n\n<p>*) click pe descriere pentru a vizualiza documentul in format electronic (.pdf)<\/p>\n","protected":false},"excerpt":{"rendered":"<p>Anun\u021b privind data desf\u0103\u0219ur\u0103rii concursului de schimbare a sediilor birourilor notariale si lista posturilor vacante destinate schimb\u0103rilor de sedii CERERE DE \u00ceNSCRIERE LA CONCURS Locul si ora desfasurarii concursului\u00a0de schimbari de sedii Regulament de organizare si desfasurare a concursului de schimbare a sediilor birourilor notariale Lista candida\u021bilor \u00eenscri\u0219i la Concursul de schimbare a sediilor birourilor [&hellip;]<\/p>\n","protected":false},"author":1,"featured_media":0,"parent":0,"menu_order":0,"comment_status":"open","ping_status":"open","template":"","meta":{"footnotes":""},"_links":{"self":[{"href":"https:\/\/cnptm.com\/index.php?rest_route=\/wp\/v2\/pages\/95"}],"collection":[{"href":"https:\/\/cnptm.com\/index.php?rest_route=\/wp\/v2\/pages"}],"about":[{"href":"https:\/\/cnptm.com\/index.php?rest_route=\/wp\/v2\/types\/page"}],"author":[{"embeddable":true,"href":"https:\/\/cnptm.com\/index.php?rest_route=\/wp\/v2\/users\/1"}],"replies":[{"embeddable":true,"href":"https:\/\/cnptm.com\/index.php?rest_route=%2Fwp%2Fv2%2Fcomments&post=95"}],"version-history":[{"count":126,"href":"https:\/\/cnptm.com\/index.php?rest_route=\/wp\/v2\/pages\/95\/revisions"}],"predecessor-version":[{"id":4411,"href":"https:\/\/cnptm.com\/index.php?rest_route=\/wp\/v2\/pages\/95\/revisions\/4411"}],"wp:attachment":[{"href":"https:\/\/cnptm.com\/index.php?rest_route=%2Fwp%2Fv2%2Fmedia&parent=95"}],"curies":[{"name":"wp","href":"https:\/\/api.w.org\/{rel}","templated":true}]}}